{"id":127,"date":"2013-11-21T12:12:19","date_gmt":"2013-11-21T10:12:19","guid":{"rendered":"http:\/\/hannah.speleosearch.info\/wordpress\/?page_id=127"},"modified":"2026-02-17T10:41:11","modified_gmt":"2026-02-17T08:41:11","slug":"willkommen","status":"publish","type":"page","link":"https:\/\/hannah.speleosearch.info\/wordpress\/","title":{"rendered":"Willkommen in der Kirchengemeinde Hartmannshof"},"content":{"rendered":"\n<p>Besuchen Sie unsere <a href=\"https:\/\/pfarrei-hoegenbach-hirschbachtal.de\/\">NEUE Internetseite!<\/a><\/p>\n\n\n\n<p>Wir sind Mitglied der Pfarrei H\u00f6genbach-Hirschbachtal. Deshalb wird diese Internetseite nicht mehr aktualisiert und demn\u00e4chst nicht mehr aufrufbar.<\/p>\n\n\n\n<p>Unsere n\u00e4chsten Gottesdienste und Treffen sind:<\/p>\n\n\n\n<iframe loading=\"lazy\" src=\"https:\/\/www.evangelische-termine.de\/panels?vid=905\" width=\"500px\" height=\"500px\" frameborder=\"0\"><\/iframe>\n\n\n\n<p>Besuchen Sie uns auch auf unserem <a href=\"https:\/\/instagram.com\/kirchengemeinde_hartmannshof?utm_medium=copy_link\" target=\"_blank\" rel=\"noreferrer noopener\">Instagram-Profil Kirchengemeinde Hartmannshof<\/a><\/p>\n\n\n\n<p><\/p>\n","protected":false},"excerpt":{"rendered":"<p>Besuchen Sie unsere NEUE Internetseite! Wir sind Mitglied der Pfarrei H\u00f6genbach-Hirschbachtal. Deshalb wird diese Internetseite nicht mehr aktualisiert und demn\u00e4chst nicht mehr aufrufbar. Unsere n\u00e4chsten Gottesdienste und Treffen sind: Besuchen Sie uns auch auf unserem Instagram-Profil Kirchengemeinde Hartmannshof<\/p>\n","protected":false},"author":1,"featured_media":0,"parent":0,"menu_order":0,"comment_status":"closed","ping_status":"closed","template":"page-templates\/front-page.php","meta":{"footnotes":""},"class_list":["post-127","page","type-page","status-publish","hentry"],"yoast_head":"<!-- This site is optimized with the Yoast SEO plugin v27.5 - https:\/\/yoast.com\/product\/yoast-seo-wordpress\/ -->\n<title>Kirchengemeinde Hartmannshof<\/title>\n<meta name=\"description\" content=\"Evangelisch-Lutherische Kirchengemeinde Hartmannshof * Hersbrucker Str. 3 * 91224 Pommelsbrunn - Herzlich Willkommen bei uns!\" \/>\n<meta name=\"robots\" content=\"index, follow, max-snippet:-1, max-image-preview:large, max-video-preview:-1\" \/>\n<link rel=\"canonical\" href=\"https:\/\/hannah.speleosearch.info\/wordpress\/\" \/>\n<meta property=\"og:locale\" content=\"de_DE\" \/>\n<meta property=\"og:type\" content=\"article\" \/>\n<meta property=\"og:title\" content=\"Kirchengemeinde Hartmannshof\" \/>\n<meta property=\"og:description\" content=\"Evangelisch-Lutherische Kirchengemeinde Hartmannshof * Hersbrucker Str. 3 * 91224 Pommelsbrunn - Herzlich Willkommen bei uns!\" \/>\n<meta property=\"og:url\" content=\"https:\/\/hannah.speleosearch.info\/wordpress\/\" \/>\n<meta property=\"og:site_name\" content=\"Kirchengemeinde Hartmannshof\" \/>\n<meta property=\"article:modified_time\" content=\"2026-02-17T08:41:11+00:00\" \/>\n<meta name=\"twitter:card\" content=\"summary_large_image\" \/>\n<meta name=\"twitter:label1\" content=\"Gesch\u00e4tzte Lesezeit\" \/>\n\t<meta name=\"twitter:data1\" content=\"1\u00a0Minute\" \/>\n<script type=\"application\/ld+json\" class=\"yoast-schema-graph\">{\"@context\":\"https:\\\/\\\/schema.org\",\"@graph\":[{\"@type\":\"WebPage\",\"@id\":\"https:\\\/\\\/hannah.speleosearch.info\\\/wordpress\\\/\",\"url\":\"https:\\\/\\\/hannah.speleosearch.info\\\/wordpress\\\/\",\"name\":\"Kirchengemeinde Hartmannshof\",\"isPartOf\":{\"@id\":\"https:\\\/\\\/hannah.speleosearch.info\\\/wordpress\\\/#website\"},\"datePublished\":\"2013-11-21T10:12:19+00:00\",\"dateModified\":\"2026-02-17T08:41:11+00:00\",\"description\":\"Evangelisch-Lutherische Kirchengemeinde Hartmannshof * Hersbrucker Str. 3 * 91224 Pommelsbrunn - Herzlich Willkommen bei uns!\",\"breadcrumb\":{\"@id\":\"https:\\\/\\\/hannah.speleosearch.info\\\/wordpress\\\/#breadcrumb\"},\"inLanguage\":\"de\",\"potentialAction\":[{\"@type\":\"ReadAction\",\"target\":[\"https:\\\/\\\/hannah.speleosearch.info\\\/wordpress\\\/\"]}]},{\"@type\":\"BreadcrumbList\",\"@id\":\"https:\\\/\\\/hannah.speleosearch.info\\\/wordpress\\\/#breadcrumb\",\"itemListElement\":[{\"@type\":\"ListItem\",\"position\":1,\"name\":\"Startseite\",\"item\":\"https:\\\/\\\/hannah.speleosearch.info\\\/wordpress\\\/\"},{\"@type\":\"ListItem\",\"position\":2,\"name\":\"Willkommen in der Kirchengemeinde Hartmannshof\"}]},{\"@type\":\"WebSite\",\"@id\":\"https:\\\/\\\/hannah.speleosearch.info\\\/wordpress\\\/#website\",\"url\":\"https:\\\/\\\/hannah.speleosearch.info\\\/wordpress\\\/\",\"name\":\"Kirchengemeinde Hartmannshof\",\"description\":\"\",\"potentialAction\":[{\"@type\":\"SearchAction\",\"target\":{\"@type\":\"EntryPoint\",\"urlTemplate\":\"https:\\\/\\\/hannah.speleosearch.info\\\/wordpress\\\/?s={search_term_string}\"},\"query-input\":{\"@type\":\"PropertyValueSpecification\",\"valueRequired\":true,\"valueName\":\"search_term_string\"}}],\"inLanguage\":\"de\"}]}<\/script>\n<!-- \/ Yoast SEO plugin. -->","yoast_head_json":{"title":"Kirchengemeinde Hartmannshof","description":"Evangelisch-Lutherische Kirchengemeinde Hartmannshof * Hersbrucker Str. 3 * 91224 Pommelsbrunn - Herzlich Willkommen bei uns!","robots":{"index":"index","follow":"follow","max-snippet":"max-snippet:-1","max-image-preview":"max-image-preview:large","max-video-preview":"max-video-preview:-1"},"canonical":"https:\/\/hannah.speleosearch.info\/wordpress\/","og_locale":"de_DE","og_type":"article","og_title":"Kirchengemeinde Hartmannshof","og_description":"Evangelisch-Lutherische Kirchengemeinde Hartmannshof * Hersbrucker Str. 3 * 91224 Pommelsbrunn - Herzlich Willkommen bei uns!","og_url":"https:\/\/hannah.speleosearch.info\/wordpress\/","og_site_name":"Kirchengemeinde Hartmannshof","article_modified_time":"2026-02-17T08:41:11+00:00","twitter_card":"summary_large_image","twitter_misc":{"Gesch\u00e4tzte Lesezeit":"1\u00a0Minute"},"schema":{"@context":"https:\/\/schema.org","@graph":[{"@type":"WebPage","@id":"https:\/\/hannah.speleosearch.info\/wordpress\/","url":"https:\/\/hannah.speleosearch.info\/wordpress\/","name":"Kirchengemeinde Hartmannshof","isPartOf":{"@id":"https:\/\/hannah.speleosearch.info\/wordpress\/#website"},"datePublished":"2013-11-21T10:12:19+00:00","dateModified":"2026-02-17T08:41:11+00:00","description":"Evangelisch-Lutherische Kirchengemeinde Hartmannshof * Hersbrucker Str. 3 * 91224 Pommelsbrunn - Herzlich Willkommen bei uns!","breadcrumb":{"@id":"https:\/\/hannah.speleosearch.info\/wordpress\/#breadcrumb"},"inLanguage":"de","potentialAction":[{"@type":"ReadAction","target":["https:\/\/hannah.speleosearch.info\/wordpress\/"]}]},{"@type":"BreadcrumbList","@id":"https:\/\/hannah.speleosearch.info\/wordpress\/#breadcrumb","itemListElement":[{"@type":"ListItem","position":1,"name":"Startseite","item":"https:\/\/hannah.speleosearch.info\/wordpress\/"},{"@type":"ListItem","position":2,"name":"Willkommen in der Kirchengemeinde Hartmannshof"}]},{"@type":"WebSite","@id":"https:\/\/hannah.speleosearch.info\/wordpress\/#website","url":"https:\/\/hannah.speleosearch.info\/wordpress\/","name":"Kirchengemeinde Hartmannshof","description":"","potentialAction":[{"@type":"SearchAction","target":{"@type":"EntryPoint","urlTemplate":"https:\/\/hannah.speleosearch.info\/wordpress\/?s={search_term_string}"},"query-input":{"@type":"PropertyValueSpecification","valueRequired":true,"valueName":"search_term_string"}}],"inLanguage":"de"}]}},"_links":{"self":[{"href":"https:\/\/hannah.speleosearch.info\/wordpress\/wp-json\/wp\/v2\/pages\/127","targetHints":{"allow":["GET"]}}],"collection":[{"href":"https:\/\/hannah.speleosearch.info\/wordpress\/wp-json\/wp\/v2\/pages"}],"about":[{"href":"https:\/\/hannah.speleosearch.info\/wordpress\/wp-json\/wp\/v2\/types\/page"}],"author":[{"embeddable":true,"href":"https:\/\/hannah.speleosearch.info\/wordpress\/wp-json\/wp\/v2\/users\/1"}],"replies":[{"embeddable":true,"href":"https:\/\/hannah.speleosearch.info\/wordpress\/wp-json\/wp\/v2\/comments?post=127"}],"version-history":[{"count":138,"href":"https:\/\/hannah.speleosearch.info\/wordpress\/wp-json\/wp\/v2\/pages\/127\/revisions"}],"predecessor-version":[{"id":835,"href":"https:\/\/hannah.speleosearch.info\/wordpress\/wp-json\/wp\/v2\/pages\/127\/revisions\/835"}],"wp:attachment":[{"href":"https:\/\/hannah.speleosearch.info\/wordpress\/wp-json\/wp\/v2\/media?parent=127"}],"curies":[{"name":"wp","href":"https:\/\/api.w.org\/{rel}","templated":true}]}}